mon factor of g and m.
8
Suppose 24 = t - 0. Suppose j = 1 + 2. What is the greatest common factor of j and t?
3
Suppose 5*p + j = -2, 5*j = -5*p - 3 - 7. Suppose p = 3*m - m + 4. Let a be m/9 - 303/(-27). What is the greatest common factor of a and 11?
11
Let v = -161 - -176. Calculate the highest common divisor of 240 and v.
15
Let j = 20 - 7. What is the highest common divisor of 117 and j?
13
Let w be (1 - 16)*(-12)/4. Calculate the highest common factor of w and 15.
15
Suppose -3*k + 5*k - 48 = 0. Calculate the greatest common factor of k and 216.
24
Let g be (-1)/(-2)*(49 - -1). Calculate the highest common factor of 75 and g.
25
Let w be (4/(-8))/((-1)/2). What is the highest common factor of 2 and w?
1
Let r be 1/(-4) - 13/(-4). Let m(a) = a**3 + 2*a**2 + 3*a + 2. Let u be m(r). Let y be (14/(-8))/(2/(-8)). What is the highest common factor of u and y?
7
Suppose 0 = 3*j - 6. Suppose -8 = a - j*a. Calculate the highest common factor of a and 72.
8
Let d(p) = -p**2 + 5*p + 5. Let q be d(5). Suppose -j - 12 = -q*h, -3*j + 2*h = -0*j - 3. Calculate the highest common factor of j and 12.
3
Let q = -58 - -92. Calculate the greatest common factor of q and 17.
17
Let d(l) = l**3 - 4*l**2 - 4*l - 3. Let q be d(5). Suppose 199 = q*u + 1. Let y = 4 - -7. What is the greatest common divisor of y and u?
11
Suppose 3*x - 275 = -2*x. What is the greatest common factor of 5 and x?
5
Let o be 8/16 - 114/(-4). Suppose g - 5*y = o, g = -2*y + 11 - 3. Calculate the greatest common factor of g and 2.
2
Suppose -5*w + 2*h + 18 = 0, w - 2*h - 6 = -4*h. Suppose 2*a = -0*a - w*m + 60, -74 = -3*a - 2*m. Calculate the greatest common divisor of 11 and a.
11
Suppose 0 = -2*l - 1 + 5. Suppose 2*v - 15 = -v. Suppose 0*n + 4*n = 2*q - 92, -l*q + 93 = -v*n. What is the greatest common factor of 4 and q?
4
Let r = -4 + 4. Suppose 5*z - 105 = -r*z. What is the highest common factor of 105 and z?
21
Let m = 120 - 115. Calculate the greatest common factor of m and 1.
1
Let n be (-49 - 1)*2/(-4). What is the highest common divisor of 25 and n?
25
Let p = 7 - 6. Suppose y - p = 10. Calculate the greatest common divisor of y and 11.
11
Let k = 36 - 12. Suppose 3*t - 12 = k. What is the highest common factor of t and 108?
12
Let o(a) = a. Let w be o(2). Suppose 2*s + 40 = 5*z, 0 = w*z - 5*s - 10 - 6. Let t(x) = 9*x - 1. Let v be t(1). What is the greatest common factor of z and v?
8
Suppose 0 = -0*u - 2*u - 5*z, -z = -2*u. Let p = u + -2. Let j be 416/14 - p/7. What is the greatest common divisor of 20 and j?
10
Let g = -10 - -12. Suppose -g*h + h + 11 = 0. Calculate the highest common factor of 44 and h.
11
Let d be (-105)/(-33) - (-6)/(-33). Suppose 11 = 3*w - 4. Let b = w + -3. What is the highest common factor of d and b?
1
Suppose 108 = 4*f + 2*g - 4*g, -2*g + 60 = 2*f. What is the highest common divisor of 4 and f?
4
Suppose 0*m = -3*m + 30. Let y(w) = w**2 + 3*w + 1. Let a be y(-4). Let l be (0/(-2) + 1)*a. Calculate the greatest common divisor of m and l.
5
Let j be ((-36)/(-45))/((-4)/(-10)). Calculate the greatest common divisor of 22 and j.
2
Suppose 3*x + 15 = 8*x. Let t(d) = d**3 - 2*d**2 + d - 4. Let c be t(x). Calculate the greatest common divisor of c and 16.
8
Let q be (-4 + 2)/(6/(-9)). Let w(k) = 22*k + 6. Let v be w(q). Calculate the highest common divisor of v and 18.
18
Suppose -5*h + q - 3 = -39, 4*q = -4*h + 48. Calculate the highest common factor of 168 and h.
8
Let v be -2 - 4/4*-138. Calculate the highest common divisor of 17 and v.
17
Let x = 49 - 45. Let n(l) = 353*l - 1. Let j be n(1). Suppose p - 4*p + j = -x*v, v = -4. Calculate the highest common divisor of 14 and p.
14
Let c = -17 + -28. Let v be (-1 - (-1)/(-3))*21. Let i = v - c. Calculate the greatest common factor of i and 187.
17
Suppose -11*o + 780 = -o. Calculate the greatest common divisor of o and 195.
39
Let k(z) be the third derivative of z**5/20 + z**4/12 - z**3/6 - 4*z**2. Let y be k(1). Calculate the highest common divisor of 32 and y.
4
Let l = 107 + -29. What is the greatest common factor of l and 6?
6
Let w(g) = g**3 - 21*g**2 + 22*g + 2. Let i be w(20). What is the greatest common divisor of 28 and i?
14
Let p(d) = d**2 - 6*d + 9. Let x be p(6). Let t be (20/6)/(2/(-6)). Let j be (-2)/5 + (-14)/t. Calculate the greatest common factor of j and x.
1
Let m(k) = 2 - 7 + 8 + 81*k. Let r be m(4). Let j = r - 162. What is the greatest common divisor of 15 and j?
15
Let o = -9 - -7. Let d be (o - 0 - -16) + 2. Suppose -4*m + 355 = 3*p - 364, 4*m + p - 709 = 0. What is the greatest common factor of d and m?
16
Let y = -4 - -54. What is the greatest common divisor of 10 and y?
10
Let v be 4/((-4)/(-3)) - -2. Suppose -2*k = k - c - 294, -k = -v*c - 84. Calculate the highest common divisor of 11 and k.
11
Suppose t - 64 = -0*t. Suppose -12*s + 811 + 101 = 0. Suppose 4*c + a = s, 0*c - 3*c = -a - t. Calculate the highest common divisor of 220 and c.
20
Let w = -9 - -7. Let v be -3 - w - (-18)/6. What is the greatest common factor of v and 22?
2
Let n(m) = -m**2 + 2*m - 3. Let k be n(3). Let h be (3/k)/(1/(-20)). Calculate the greatest common divisor of 10 and h.
10
Let s = 11 + 0. Calculate the highest common divisor of 77 and s.
11
Let x = 249 - -21. Let s be x/4*(-16)/(-20). Calculate the greatest common factor of 6 and s.
6
Suppose -17*k + 18*k - 2 = 0. Let q be 10/k*(18 + 0). What is the greatest common factor of 18 and q?
18
Suppose 0 = -5*f + 2*f. Suppose -l + 2*x - 5 = f, -3*x = -5*x + 10. Suppose 5*u - l - 10 = 0. Calculate the greatest common factor of 1 and u.
1
Let b be 4/6 - 1/(-3). Suppose 2*x - 4 = -y, 2 = -x - b. What is the greatest common factor of y and 10?
10
Suppose 0 = -32*y + 31*y + 26. Calculate the highest common divisor of 39 and y.
13
Suppose 0 = -c + 2*c. Let q be 5 - c*1/3. Calculate the greatest common factor of 1 and q.
1
Suppose 2*b + 0*b + m = 65, -4*b + 3*m = -155. What is the greatest common divisor of b and 7?
7
Let b = 174 - 122. What is the greatest common divisor of b and 26?
26
Let q(t) = -2*t**3 - 7*t**2 + 4*t + 8. Let k be q(-5). Calculate the highest common divisor of k and 7.
7
Let c = -3 - 0. Let x be (-137)/c + 8/(-12). Calculate the highest common factor of 15 and x.
15
Suppose -4 = -2*m - 0. Suppose -34 = -m*n - 3*p, 72 = 6*n - n + p. Let c be 2/(-7) + 396/n. Calculate the greatest common divisor of 7 and c.
7
Suppose 2*i = 5*i. Suppose i = 2*b + j + 2 - 1, -1 = 4*b + j. Suppose 5*g + 20 = b, 2*g = -2*a - 2*g + 166. What is the greatest common divisor of 13 and a?
13
Let p be (-28 - 0)/((-16)/((-32)/(-4))). What is the greatest common divisor of 56 and p?
14
Let m be 111*(21/9 - 2). Let u be (-3)/3 + m - 2. Suppose 3*x = -0*s - 2*s + u, x - 44 = -3*s. What is the greatest common divisor of s and 35?
7
Let u(i) = i**2 + 2*i - 1. Let l be u(-5). Suppose -3*a + 2*o = -61, o + 6 = a - 14. Calculate the greatest common divisor of a and l.
7
Let s = 30 + -22. Calculate the highest common factor of 12 and s.
4
Let k be 140/3*(6 + (-9)/2). What is the greatest common divisor of k and 10?
10
Let p(y) = -y + 30. Let g be p(0). What is the greatest common factor of g and 45?
15
Let b = 19 + -12. Suppose 8 + 20 = 4*q. Suppose -q = 5*k - m - 3*m, -9 = -3*m. What is the highest common divisor of b and k?
1
Suppose -3*d + 2 = 5, 4*q = 5*d + 93. What is the greatest common divisor of q and 55?
11
Suppose 0 = 5*v - f + 5 - 44, 3*v - 33 = 3*f. Suppose 10*i = 5*i - 30. Let n be (-130)/i - (-4)/(-6). What is the highest common factor of n and v?
7
Let t = 2 + 0. Suppose -9 = -t*n + 11. Calculate the highest common factor of n and 2.
2
Let l(c) = -2*c**3 - 3*c**2 - 5*c. Let k be l(-3). What is the highest common divisor of k and 105?
21
Suppose -2*y + 7*y - 420 = 0. Calculate the highest common factor of y and 21.
21
Suppose -3*r + 18 + 12 = 0. Let a be -2 + r - (4 + -7). Calculate the highest common factor of 121 and a.
11
Suppose 43 = 4*f - 0*f - c, -3*f + 26 = -2*c. Let v(l) = -l**3 - 7*l**2 + 6*l + 2. Let t be v(-8). Calculate the highest common factor of f and t.
6
Let m(c) = -14*c**3 - c**2 + c + 1. Let s be m(-1). What is the greatest common divisor of s and 78?
13
Let f be (-492)/(-2 + -2) - 4. Calculate the highest common divisor of 17 and f.
17
L